 = -x - 3*x**j + x - 3*x. What is t(-2)?
-6
Let b(q) = -q**2 + 9*q + 7. Let v be b(10). Let c(i) = -i**3 - 4*i**2 - 3*i + 3. Give c(v).
3
Suppose 0 = 4*n - 2*n - 10. Let y(f) = f**3 - 5*f**2 - f + 3. Determine y(n).
-2
Let t(k) = -1 - 25*k**2 + 20*k**2 - 2 - 8*k + k**3. Calculate t(6).
-15
Suppose 2*g + 33 = 5*m, 0 = -4*m - 0*m - 5*g. Let f(r) = r**2 - 4*r - 1. What is f(m)?
4
Let h = -37 + 37. Let v(g) = -g**2 - 2. Calculate v(h).
-2
Let k(i) = -i**2 - 22*i + 14. Let l(y) = 8*y - 5. Let c(v) = 4*k(v) + 11*l(v). Determine c(1).
-3
Let k(z) = -6 + 2*z - 4 - 4*z + 3. Give k(7).
-21
Suppose -2*c + 91 = 2*u - c, -180 = -4*u - 4*c. Let w be 1/(-4) - u/8. Let q(l) = -l**3 - 5*l**2 + 8*l + 8. Determine q(w).
-4
Let m(c) be the second derivative of -c**6/120 + c**5/15 + c**4/4 - c**3/6 - c**2 - 3*c. Let x(u) be the first derivative of m(u). Determine x(5).
4
Let r(f) = -1. Let u(w) = -w - 3. Let z(i) = -5*r(i) + u(i). Let a = -5 + 1. Let q = -6 - a. Calculate z(q).
4
Let w(g) be the third derivative of 0*g - 1/240*g**6 + 1/24*g**4 - 1/120*g**5 + 0*g**3 - 2*g**2 + 0. Let d(u) be the second derivative of w(u). Calculate d(1).
-4
Let r(p) = 8*p**3 + 2*p**2 + p. Suppose 4*f - 15 = -j, 4*f - 25 = -0*j + j. Suppose -3 = -t - 2*t + 2*y, t - f*y - 14 = 0. Give r(t).
-7
Let l(f) be the second derivative of f**7/840 - f**6/120 - f**5/60 - f**4/8 + f**3/2 + 2*f. Let b(r) be the second derivative of l(r). Calculate b(4).
5
Let w(m) be the third derivative of m**5/60 + m**4/24 + 5*m**3/2 - m**2. What is w(0)?
15
Let u(z) = -2*z**2 - 4*z + 1. Let c = -66 + 39. Let l = c + 10. Let p be (-12)/(-30) + l/5. What is u(p)?
-5
Suppose 7 = -4*d - 5*w - 0, -3*d - w - 8 = 0. Suppose 0*l + 5*v = -4*l + 14, -2*v = -5*l + 1. Let n(y) = y + y**2 + 0*y**2 - 1 + l. Calculate n(d).
6
Let u(j) = -2*j**3 + j**2 + 3*j - 1. Let d(f) = f**3 - 2*f**2 - 3*f. Let r(n) = 3*d(n) + 2*u(n). Give r(-3).
-2
Let p(u) = -7*u + 6. Let n(y) = 10*y - 18 + 13*y - 3*y. Let c(s) = 6*n(s) + 17*p(s). What is c(4)?
-2
Let u(l) = -l**2 + 3*l + 87 - 170 + 85. Give u(5).
-8
Let p be (-6)/3 - (1 - -1). Let h(j) = 2*j + 5. Give h(p).
-3
Let p(n) = 0*n - 4 - 5 - 2*n. Let q(u) = u**3 + 7*u**2 + u + 1. Let r be q(-7). What is p(r)?
3
Let y(w) be the third derivative of -w**5/60 + w**4/6 + w**3 + w**2. Let j = 4 + 1. Give y(j).
1
Let y(l) = l + 1. Let k(u) = -u**3 + 3*u**2 + u - 4. Let t be k(3). Let w(g) = g**3 - g**2 + 4*g + 10. Let c(n) = t*w(n) + 4*y(n). What is c(0)?
-6
Let k = 2 + -8. Suppose 4 + 0 = t. Let s(o) = 3*o - o**2 + 7*o**2 + o**3 + 1 + t - 2*o. What is s(k)?
-1
Let l(k) = k**2 - 3*k + 1. Let w(y) = y**3 + 9*y**2 - y - 7. Let h be w(-9). Suppose 0 = -r + 5*x + 6, 4*r + 22 = -x - h*x. Let b be 2/r - (-5)/2. What is l(b)?
-1
Let y = -32 - -23. Let r = y - -13. Let f(k) = -k**3 + 2*k**3 - r - 2*k**2 - 3*k**2. Give f(5).
-4
Let i be -2*(39/(-6) - 0). Suppose 5*z + v - i = 0, -v + 6*v - 25 = -5*z. Let h(q) = -4 - q - q**z + 0*q + 6. Determine h(2).
-4
Suppose -2*k - 2*k - 25 = -n, -5*k = 2*n + 28. Let x(h) = -h - 7. Give x(k).
-1
Let v(z) be the first derivative of -z**4/4 + 4*z**3/3 + z**2/2 - 4*z + 7. Give v(4).
0
Let n(u) = -u + 2. Let w(g) = -g + 1. Let l(f) = -f**2 + 2*f. Let h be l(3). Let c(o) = h*w(o) + 4*n(o). Calculate c(5).
0
Let j(f) be the second derivative of f**3/3 + 5*f**2/2 - 5*f. Let m be j(-5). Let r(p) = p**3 + 4*p**2 - 3*p + 2. Determine r(m).
-8
Let y(i) = -i**3 - 9*i**2 + 8*i - 12. Suppose 3*c = 5*j + 38, 3*j = -5*c + 3*c - 38. Give y(j).
8
Suppose 3*x = -4*o + 17, 2*x + 24 = 5*o - 3. Let p(a) = 10*a**3 - a**2 - a - 1. Determine p(x).
-11
Suppose 26*q - 35 = 21*q. Let p(t) = t - 8. Calculate p(q).
-1
Let a = 22 - 16. Let p be (a/(-9))/((-2)/(-24)). Let v(f) = -f**2 - 7*f + 2. Let k be v(p). Let n(l) = l**3 + 7*l**2 + 6*l + 4. Give n(k).
4
Suppose 0 = -2*k - 3*k + 25. Suppose -u + 2*u - 14 = -k*s, -4*u + 10 = -3*s. Let f(q) = 3*q**2 + 6*q + 1 - u*q**2 - q. Calculate f(4).
5
Let o(t) = -t. Let w(n) = 6*n - 1. Let y(f) = 5*o(f) + w(f). Let z(p) = 4*p - 4. Let b(i) = 4*y(i) - 2*z(i). Determine b(3).
-8
Let a(d) = 8*d**2 - 7*d**2 + 0*d**2 - 1 + 2*d. Let b = -2 + 5. Suppose b*y - 6*v = -3*v, y - 3*v - 6 = 0. Give a(y).
2
Let s(o) = -2*o - 6. Let l be s(-3). Let x(d) = l + 5*d + 0 - 1 + 0*d. Give x(-2).
-11
Suppose 2*q = -p - 1 + 7, -q - 2*p + 3 = 0. Let r(m) = -13 + q + 6 + m + 3. Determine r(7).
6
Let y = 0 - 1. Let s = y + 3. Suppose -q = s*q. Let x(g) = -g**3 - g + 6. Calculate x(q).
6
Let j(q) be the first derivative of -q**2/2 + q - 2. What is j(6)?
-5
Let y(z) = z**3 - z - 1. Let n = -3 + 2. Let w(c) = -5*c**2 - 5*c**3 + c**3 + 6 + 1. Let l(q) = n*w(q) - 3*y(q). Give l(-3).
5
Let q be -4 - 30/(-3 - 2). Let b(u) = u - 2. Give b(q).
0
Let q(o) = 1 - 40*o + 31*o + o**2 - 4 + 5. Calculate q(6).
-16
Let i be (2/5)/(4/20). Let z(y) = y**i - y - 7 + y - y**3 + 16 + y. Suppose -4*j + 4*r - 2 = 2, 3*j + 4*r = 4. Give z(j).
9
Suppose 0*l = -3*l + 6, 4*o + 5*l - 14 = 0. Let x(i) = -14*i. Calculate x(o).
-14
Let s(p) = p + 10. Let k be s(-5). Let c(d) = 6*d - 5*d**2 + 8*d**2 - 5*d**2 - 4 + d**2. Give c(k).
1
Let l(t) = t**3 - t**2 - 2. Let k(b) = -b + 14. Let j be 4/8*(-48)/(-2). Let d be k(j). Determine l(d).
2
Let p(u) = -15*u**2 + 1 - 4 - 7*u + 14*u**2. Calculate p(-6).
3
Let w(n) = 3*n**3 - 5*n**2 - n - 6. Let x(u) = u**3 - 2*u**2 - 2. Let b(f) = 6*w(f) - 17*x(f). Calculate b(-5).
3
Let p(c) = 3*c + 9. Let k be 1 + 4/(8/6). Let s(j) = j + 3. Let h(i) = k*p(i) - 11*s(i). Determine h(0).
3
Suppose 3*k + 22 = 5*q, 0 = 4*k - 4*q + 7 + 9. Let a(m) = 5*m**2 - 2*m**2 - m**2 - k. Suppose -f - 4 + 6 = 0. Calculate a(f).
7
Let c(g) = -5 - 1 + 2 - 5 + 4*g. Determine c(6).
15
Let b(m) = m - 10. Let d(u) = -7 - 8 + 4 - 9*u + 10*u. Let f(j) = -7*b(j) + 6*d(j). Give f(6).
-2
Let l(r) = -7*r**3 - 5*r**2 + 5*r + 1. Let n(i) = 20*i**3 + 14*i**2 - 14*i - 3. Let m(t) = 11*l(t) + 4*n(t). Calculate m(-1).
-2
Let j(z) = 2*z**2 + 4*z - 1. Let u be 2 - (-3 + 2) - 4. Let q = -2 + u. Determine j(q).
5
Let c(t) = -4*t**2 + 1 - 5*t - 3 + 2*t**2 + t**2. Give c(-3).
4
Let k(u) = 2*u**3 + 3*u**2 - 3*u + 1. Let z(n) = -n**3 - 2*n**2 + 2*n. Let y(b) = 2*k(b) + 3*z(b). Calculate y(-2).
-6
Let u = 9 + -15. Let l = 6 + u. Let b(v) = -v**3 - v**2 - v. Let j(z) = 3*z**3 + z**2 + 2*z + 7. Let o(a) = -2*b(a) - j(a). Determine o(l).
-7
Suppose 0 = -5*y + 38 - 8. Let i(s) = -6*s**2 - y*s**3 + 1 - 7*s + 2*s**3 + 3*s**3. What is i(-5)?
11
Let m(p) = -9 + 3 + p - 4*p. Let v = -4 - 0. Give m(v).
6
Suppose -2*u = -2*m + m, 0 = u + 2*m. Suppose u = 2*v - 7*v. Let h(d) be the first derivative of d**3/3 - d + 15. Give h(v).
-1
Let c = 2 + -4. Let x be (3 + 10/(-4))*18. Let q(a) = -x + a + 10 + 0. Calculate q(c).
-1
Let c(z) = -z**2 + 2. Let t be ((-2)/(-6))/(2/12). Suppose 11 - t = -3*q. Give c(q).
-7
Let s(r) = -8*r + 14*r - 7*r. Give s(8).
-8
Let l(b) = -b - 1. Let r(m) = 4*m + 3. Let z(d) = 7*l(d) + 2*r(d). Give z(-3).
-4
Let y(c) be the third derivative of -1/60*c**5 - 1/360*c**6 + 1/6*c**3 - 4*c**2 + 0 + 1/4*c**4 + 0*c. Let l(r) be the first derivative of y(r). Give l(-5).
-9
Let w(n) = n**2 + n - 1. Suppose f + 1 - 4 = 0. Let h be (-1)/(-2)*(f + -3). Determine w(h).
-1
Let o(m) be the third derivative of m**6/40 - m**4/12 + m**3/6 - m**2. Let q be o(1). Let i(a) = 6*a + 6*a**q - 5*a - 5*a**2. Determine i(-1).
0
Suppose a - 3*a - 4*z - 14 = 0, 5*z + 10 = 5*a. Let h be a/4*(-4 + 8). Let f(k) = 5*k**2 + 2*k + 1. Determine f(h).
4
Suppose -5*l + 5*h = 5, -2*l - 3*l + 4*h = 6. Let q(t) be the first derivative of 1/4*t**4 + 2/3*t**3 + 1 + t + 0*t**2. Determine q(l).
1
Let n(l) = -7*l**2 - 10*l + 11. Let t(h) = 6*h**2 + 9*h - 10. Let p(r) = 5*n(r) + 6*t(r). Let s(v) = v - 2. Let z be s(-4). Calculate p(z).
7
Let w(h) = -h**3 - 4*h**2 + 2*h - 5. Suppose 0*g - 28 = 7*g. Calculate w(g).
-13
Let z(p) = p**2 + 6*p - 6. Let r be -7 - 3/(-9)*3. Let u be z(r). Let d(a) = a**2 + 8*a + 4. Determine d(u).
-8
Suppose -3*t + 2*f = 2*t + 6, 4*f = 3*t - 2. Let a(x) = -2*x**2 - 4*x - 2. What is a(t)?
-2
Suppose 0 = -5*d - w - 33, 5*w + 18 - 3 = 0. Let t = d + 8. Let r(m) = -4*m. Give r(t).
-8
Let g(z) be the third derivative of z**5/30 + 7*z**4/24 + 5*z**3/6 + 4*z**2. What is g(-4)?
9
Let q(x) = x - 2. Let p(v) = v - 12. Let w be p(0). Let m be 1 - (w